{"id":13,"date":"2023-10-10T00:54:26","date_gmt":"2023-10-10T00:54:26","guid":{"rendered":"https:\/\/tarjetamedica.online\/?page_id=13"},"modified":"2023-10-10T00:54:26","modified_gmt":"2023-10-10T00:54:26","slug":"baja-hand-clinic","status":"publish","type":"page","link":"https:\/\/tarjetamedica.online\/?page_id=13","title":{"rendered":"Baja Hand Clinic"},"content":{"rendered":"\n<p>Dr. Ca\u00f1edo Guzm\u00e1n<\/p>\n\n\n\n<p>Sitio en construcci\u00f3n <\/p>\n","protected":false},"excerpt":{"rendered":"<p>Dr. Ca\u00f1edo Guzm\u00e1n Sitio en construcci\u00f3n<\/p>\n","protected":false},"author":1,"featured_media":0,"parent":0,"menu_order":0,"comment_status":"closed","ping_status":"closed","template":"","meta":{"footnotes":""},"_links":{"self":[{"href":"https:\/\/tarjetamedica.online\/index.php?rest_route=\/wp\/v2\/pages\/13"}],"collection":[{"href":"https:\/\/tarjetamedica.online\/index.php?rest_route=\/wp\/v2\/pages"}],"about":[{"href":"https:\/\/tarjetamedica.online\/index.php?rest_route=\/wp\/v2\/types\/page"}],"author":[{"embeddable":true,"href":"https:\/\/tarjetamedica.online\/index.php?rest_route=\/wp\/v2\/users\/1"}],"replies":[{"embeddable":true,"href":"https:\/\/tarjetamedica.online\/index.php?rest_route=%2Fwp%2Fv2%2Fcomments&post=13"}],"version-history":[{"count":1,"href":"https:\/\/tarjetamedica.online\/index.php?rest_route=\/wp\/v2\/pages\/13\/revisions"}],"predecessor-version":[{"id":14,"href":"https:\/\/tarjetamedica.online\/index.php?rest_route=\/wp\/v2\/pages\/13\/revisions\/14"}],"wp:attachment":[{"href":"https:\/\/tarjetamedica.online\/index.php?rest_route=%2Fwp%2Fv2%2Fmedia&parent=13"}],"curies":[{"name":"wp","href":"https:\/\/api.w.org\/{rel}","templated":true}]}}